 of 350696698?
9
What is the ten thousands digit of 222699664?
9
What is the ten thousands digit of 2371721291?
2
What is the tens digit of 63903968?
6
What is the ten thousands digit of 264806327?
0
What is the ten thousands digit of 1846669597?
6
What is the ten thousands digit of 21684315?
8
What is the ten millions digit of 1195386956?
9
What is the hundred thousands digit of 1554019854?
0
What is the units digit of 1791403437?
7
What is the millions digit of 1221939339?
1
What is the ten thousands digit of 1124163803?
6
What is the hundred millions digit of 8489750966?
4
What is the ten millions digit of 120059698?
2
What is the millions digit of 581370268?
1
What is the hundred thousands digit of 1813524088?
5
What is the ten thousands digit of 85071517?
7
What is the hundred thousands digit of 105503999?
5
What is the tens digit of 498722463?
6
What is the thousands digit of 77729799?
9
What is the ten thousands digit of 26548074?
4
What is the ten millions digit of 70331029?
7
What is the thousands digit of 41696603?
6
What is the ten thousands digit of 57906379?
0
What is the ten thousands digit of 192960313?
6
What is the hundred millions digit of 117480387?
1
What is the ten millions digit of 914125023?
1
What is the tens digit of 61742125?
2
What is the hundreds digit of 6443309236?
2
What is the units digit of 153013706?
6
What is the ten thousands digit of 724554?
2
What is the hundreds digit of 19190024?
0
What is the hundreds digit of 130324664?
6
What is the thousands digit of 434218341?
8
What is the millions digit of 2567778414?
7
What is the hundred millions digit of 581931470?
5
What is the ten millions digit of 6298702298?
9
What is the hundreds digit of 155625542?
5
What is the tens digit of 2844078897?
9
What is the hundred millions digit of 5104357897?
1
What is the tens digit of 60324849?
4
What is the thousands digit of 558599004?
9
What is the tens digit of 77670013?
1
What is the tens digit of 10890554?
5
What is the tens digit of 240966001?
0
What is the thousands digit of 881772254?
2
What is the hundred thousands digit of 872988076?
9
What is the ten millions digit of 23263354?
2
What is the units digit of 113993560?
0
What is the millions digit of 3012601377?
2
What is the thousands digit of 98717419?
7
What is the hundred millions digit of 147334111?
1
What is the millions digit of 16097946?
6
What is the millions digit of 1786840873?
6
What is the hundred thousands digit of 141691082?
6
What is the millions digit of 23588786?
3
What is the hundreds digit of 16979749?
7
What is the hundred millions digit of 118874390?
1
What is the tens digit of 1505624046?
4
What is the hundreds digit of 29423206?
2
What is the ten millions digit of 1258353371?
5
What is the units digit of 147871296?
6
What is the thousands digit of 3068371?
8
What is the hundred millions digit of 2190514050?
1
What is the hundred thousands digit of 152581116?
5
What is the units digit of 72573772?
2
What is the ten thousands digit of 386416886?
1
What is the tens digit of 972467790?
9
What is the billions digit of 4906468747?
4
What is the billions digit of 1421963664?
1
What is the hundreds digit of 114879835?
8
What is the billions digit of 8181251197?
8
What is the tens digit of 31052921?
2
What is the hundreds digit of 2111474096?
0
What is the millions digit of 4201146538?
1
What is the units digit of 322796982?
2
What is the hundreds digit of 312267790?
7
What is the millions digit of 287774735?
7
What is the thousands digit of 837273054?
3
What is the thousands digit of 3633625249?
5
What is the millions digit of 35815399?
5
What is the units digit of 832627535?
5
What is the hundred millions digit of 114057831?
1
What is the units digit of 80784074?
4
What is the billions digit of 6774102342?
6
What is the hundreds digit of 24304268?
2
What is the millions digit of 996352495?
6
What is the millions digit of 344420259?
4
What is the tens digit of 57401392?
9
What is the hundred thousands digit of 35630725?
6
What is the hundreds digit of 13801317?
3
What is the hundred thousands digit of 2620715477?
7
What is the hundred millions digit of 2856904947?
8
What is the ten thousands digit of 1040184844?
8
What is the thousands digit of 3511953273?
3
What is the thousands digit of 379379925?
9
What is the units digit of 1883299682?
2
What is the hundred millions digit of 755273093?
7
What is the ten thousands digit of 27175696?
7
What is the tens digit of 165788310?
1
What is the units digit of 150281851?
1
What is the billions digit of 2865957915?
2
What is the hundred millions digit of 306568478?
3
What is the millions digit of 32858750?
2
What is the ten thousands digit of 124968923?
6
What is the hundreds digit of 22247267?
2
What is the hundred millions digit of 2503603827?
5
What is the ten thousands digit of 980222091?
2
What is the hundreds digit of 32300542?
5
What is the thousands digit of 7387161903?
1
What is the hundred millions digit of 4211288989?
2
What is the ten thousands digit of 1430670540?
7
What is the thousands digit of 194977505?
7
What is the hundred thousands digit of 162427983?
4
What is the ten millions digit of 45774271?
4
What is the hundred thousands digit of 396766604?
7
What is the ten millions digit of 56001853?
5
What is the hundreds digit of 283839142?
1
What is the hundreds digit of 6538?
5
What is the tens digit of 237028452?
5
What is the units digit of 450942596?
6
What is the ten millions digit of 33014424?
3
What is the thousands digit of 4774382?
4
What is the millions digit of 31143440?
1
What is the tens digit of 50616125?
2
What is the ten thousands digit of 99790422?
9
What is the hundred thousands digit of 50122724?
1
What is the tens digit of 157421565?
6
What is the tens digit of 97504608?
0
What is the hundred thousands digit of 1716141295?
1
What is the hundred thousands digit of 102108856?
1
What is the units digit of 126843081?
1
What is the hundred millions digit of 1149701683?
1
What is the units digit of 64237589?
9
What is the hundreds digit of 352504876?
8
What is the ten thousands digit of 382926306?
2
What is the thousands digit of 6436467067?
7
What is the billions digit of 2351736732?
2
What is the hundred thousands digit of 2084884538?
8
What is the hundred thousands digit of 190519322?
5
What is the ten thousands digit of 1257467659?
6
What is the tens digit of 648729040?
4
What is the thousands digit of 505737032?
7
What is the millions digit of 2656854909?
6
What is the thousands digit of 29368712?
8
What is the units digit of 99216579?
9
What is the hundred thousands digit of 21886653?
8
What is the hundreds digit of 7816877068?
0
What is the units digit of 4354060811?
1
What is the hundred millions digit of 107423937?
1
What is the billions digit of 5141252403?
5
What is the ten thousands digit of 48728337?
2
What is the hundred millions digit of 289552463?
2
What is the units digit of 340243885?
5
What is the millions digit of 1110309537?
0
What is the ten thousands digit of 1316490089?
9
What is the billions digit of 1957186879?
1
What is the units digit of 3165962144?
4
What is the units digit of 4003587961?
1
What is the hundred thousands digit of 36987895?
9
What is the hundred millions digit of 586763149?
5
What is the millions digit of 807127433?
7
What is the units digit of 384016581?
1
What is the millions digit of 78831583?
8
What is the millions digit of 69101917?
9
What is the tens digit of 18161978?
7
What is the tens digit of 705778762?
6
What is the billions digit of 1212580995?
1
What is the ten thousands digit of 350003956?
0
What is the units digit of 18170140?
0
What is the hundreds digit of 65070226?
2
What is the hundreds digit of 29984308?
3
What is the ten thousands digit of 235706042?
0
What is the millions digit of 49177536?
9
What is the ten millions digit of 1552358499?
5
What is the tens digit of 604511107?
0
What is the billions digit of 5770857945?
5
What is the ten thousands digit of 25515376?
1
What is the hundred millions digit of 1794346406?
7
What is the thousands digit of 65171592?
1
What is the thousands digit of 294799028?
9
What is the hundred thousands digit of 73191268?
1
What is the millions digit of 118667579?
8
What is the t